{"id":1578,"date":"2022-03-16T10:09:36","date_gmt":"2022-03-16T10:09:36","guid":{"rendered":"http:\/\/www.xn--praxis-tinawei-egb.de\/?page_id=1578"},"modified":"2022-03-24T14:29:15","modified_gmt":"2022-03-24T14:29:15","slug":"workshops","status":"publish","type":"page","link":"https:\/\/www.xn--praxis-tinawei-egb.de\/index.php\/workshops\/","title":{"rendered":"Workshops"},"content":{"rendered":"\n<p><\/p>\n\n\n<style>#kt-layout-id_0e9a4e-35 > .kt-row-column-wrap{align-content:center;}:where(#kt-layout-id_0e9a4e-35 > .kt-row-column-wrap) > .wp-block-kadence-column{justify-content:center;}#kt-layout-id_0e9a4e-35 > .kt-row-column-wrap{column-gap:var(--global-kb-gap-md, 2rem);row-gap:var(--global-kb-gap-md, 2rem);max-width:var( --global-content-width, 1290px );padding-left:var(--global-content-edge-padding);padding-right:var(--global-content-edge-padding);padding-top:var( --global-kb-row-default-top, 25px );padding-bottom:var( --global-kb-row-default-bottom, 25px );padding-top:86px;padding-bottom:65px;grid-template-columns:repeat(2, minmax(0, 1fr));}#kt-layout-id_0e9a4e-35 > .kt-row-layout-overlay{opacity:0.30;}@media all and (max-width: 1024px){#kt-layout-id_0e9a4e-35 > .kt-row-column-wrap{grid-template-columns:repeat(2, minmax(0, 1fr));}}@media all and (max-width: 767px){#kt-layout-id_0e9a4e-35 > .kt-row-column-wrap{grid-template-columns:minmax(0, 1fr);}}<\/style>\n<div class=\"wp-block-kadence-rowlayout alignnone\"><div id=\"kt-layout-id_0e9a4e-35\" class=\"kt-row-layout-inner kt-layout-id_0e9a4e-35\"><div class=\"kt-row-column-wrap kt-has-2-columns kt-gutter-default kt-v-gutter-default kt-row-valign-middle kt-row-layout-equal kt-tab-layout-inherit kt-m-colapse-left-to-right kt-mobile-layout-row kb-theme-content-width\"><style>.kadence-column_978a91-75 > .kt-inside-inner-col{border-top-width:0px;border-right-width:0px;border-bottom-width:0px;border-left-width:0px;}.kadence-column_978a91-75 > .kt-inside-inner-col,.kadence-column_978a91-75 > .kt-inside-inner-col:before{border-top-left-radius:0px;border-top-right-radius:0px;border-bottom-right-radius:0px;border-bottom-left-radius:0px;}.kadence-column_978a91-75 > .kt-inside-inner-col{column-gap:var(--global-kb-gap-sm, 1rem);}.kadence-column_978a91-75 > .kt-inside-inner-col{flex-direction:column;}.kadence-column_978a91-75 > .kt-inside-inner-col > .aligncenter{width:100%;}.kadence-column_978a91-75 > .kt-inside-inner-col:before{opacity:0.3;}.kadence-column_978a91-75{position:relative;}@media all and (max-width: 1024px){.kadence-column_978a91-75 > .kt-inside-inner-col{flex-direction:column;justify-content:center;}}@media all and (max-width: 767px){.kadence-column_978a91-75 > .kt-inside-inner-col{flex-direction:column;justify-content:center;}}<\/style>\n<div class=\"wp-block-kadence-column inner-column-1 kadence-column_978a91-75\"><div class=\"kt-inside-inner-col\"><style>.wp-block-kadence-advancedheading.kt-adv-heading_12d614-9e, .wp-block-kadence-advancedheading.kt-adv-heading_12d614-9e[data-kb-block=\"kb-adv-heading_12d614-9e\"]{margin-top:1px;margin-bottom:20px;font-size:50px;line-height:60px;font-style:normal;}.wp-block-kadence-advancedheading.kt-adv-heading_12d614-9e mark.kt-highlight, .wp-block-kadence-advancedheading.kt-adv-heading_12d614-9e[data-kb-block=\"kb-adv-heading_12d614-9e\"] mark.kt-highlight{font-style:normal;color:#f76a0c;-webkit-box-decoration-break:clone;box-decoration-break:clone;padding-top:0px;padding-right:0px;padding-bottom:0px;padding-left:0px;}.wp-block-kadence-advancedheading.kt-adv-heading_12d614-9e img.kb-inline-image, .wp-block-kadence-advancedheading.kt-adv-heading_12d614-9e[data-kb-block=\"kb-adv-heading_12d614-9e\"] img.kb-inline-image{width:150px;vertical-align:baseline;}@media all and (max-width: 767px){.wp-block-kadence-advancedheading.kt-adv-heading_12d614-9e, .wp-block-kadence-advancedheading.kt-adv-heading_12d614-9e[data-kb-block=\"kb-adv-heading_12d614-9e\"]{font-size:37px;}}<\/style>\n<h2 class=\"kt-adv-heading_12d614-9e wp-block-kadence-advancedheading has-kb-palette-4-color has-text-color\" data-kb-block=\"kb-adv-heading_12d614-9e\">workshops<\/h2>\n\n\n<style>.wp-block-kadence-advancedheading.kt-adv-heading_9cc450-f8, .wp-block-kadence-advancedheading.kt-adv-heading_9cc450-f8[data-kb-block=\"kb-adv-heading_9cc450-f8\"]{font-style:normal;}.wp-block-kadence-advancedheading.kt-adv-heading_9cc450-f8 mark.kt-highlight, .wp-block-kadence-advancedheading.kt-adv-heading_9cc450-f8[data-kb-block=\"kb-adv-heading_9cc450-f8\"] mark.kt-highlight{font-style:normal;color:#f76a0c;-webkit-box-decoration-break:clone;box-decoration-break:clone;padding-top:0px;padding-right:0px;padding-bottom:0px;padding-left:0px;}.wp-block-kadence-advancedheading.kt-adv-heading_9cc450-f8 img.kb-inline-image, .wp-block-kadence-advancedheading.kt-adv-heading_9cc450-f8[data-kb-block=\"kb-adv-heading_9cc450-f8\"] img.kb-inline-image{width:150px;vertical-align:baseline;}@media all and (max-width: 767px){.wp-block-kadence-advancedheading.kt-adv-heading_9cc450-f8, .wp-block-kadence-advancedheading.kt-adv-heading_9cc450-f8[data-kb-block=\"kb-adv-heading_9cc450-f8\"]{font-size:19px;}}<\/style>\n<h2 class=\"kt-adv-heading_9cc450-f8 wp-block-kadence-advancedheading\" data-kb-block=\"kb-adv-heading_9cc450-f8\">in Vorbereitung &#8230;<\/h2>\n\n\n<style>#kt-layout-id_246584-5e > .kt-row-column-wrap{align-content:start;}:where(#kt-layout-id_246584-5e > .kt-row-column-wrap) > .wp-block-kadence-column{justify-content:start;}#kt-layout-id_246584-5e > .kt-row-column-wrap{column-gap:var(--global-kb-gap-md, 2rem);row-gap:var(--global-kb-gap-md, 2rem);padding-top:var( --global-kb-row-default-top, 25px );padding-bottom:var( --global-kb-row-default-bottom, 25px );padding-bottom:0px;grid-template-columns:repeat(2, minmax(0, 1fr));}#kt-layout-id_246584-5e > .kt-row-layout-overlay{opacity:0.30;}@media all and (max-width: 1024px){#kt-layout-id_246584-5e > .kt-row-column-wrap{grid-template-columns:repeat(2, minmax(0, 1fr));}}@media all and (max-width: 767px){#kt-layout-id_246584-5e > .kt-row-column-wrap{grid-template-columns:minmax(0, 1fr);}}<\/style>\n<div class=\"wp-block-kadence-rowlayout alignnone\"><div id=\"kt-layout-id_246584-5e\" class=\"kt-row-layout-inner kt-layout-id_246584-5e\"><div class=\"kt-row-column-wrap kt-has-2-columns kt-gutter-default kt-v-gutter-default kt-row-valign-top kt-row-layout-equal kt-tab-layout-equal kt-m-colapse-left-to-right kt-mobile-layout-row\"><style>.kadence-column_6b9e2f-04 > .kt-inside-inner-col{border-top-width:0px;border-right-width:0px;border-bottom-width:0px;border-left-width:0px;}.kadence-column_6b9e2f-04 > .kt-inside-inner-col,.kadence-column_6b9e2f-04 > .kt-inside-inner-col:before{border-top-left-radius:0px;border-top-right-radius:0px;border-bottom-right-radius:0px;border-bottom-left-radius:0px;}.kadence-column_6b9e2f-04 > .kt-inside-inner-col{column-gap:var(--global-kb-gap-sm, 1rem);}.kadence-column_6b9e2f-04 > .kt-inside-inner-col{flex-direction:column;}.kadence-column_6b9e2f-04 > .kt-inside-inner-col > .aligncenter{width:100%;}.kadence-column_6b9e2f-04 > .kt-inside-inner-col:before{opacity:0.3;}.kadence-column_6b9e2f-04{position:relative;}@media all and (max-width: 1024px){.kadence-column_6b9e2f-04 > .kt-inside-inner-col{flex-direction:column;justify-content:center;}}@media all and (max-width: 767px){.kadence-column_6b9e2f-04 > .kt-inside-inner-col{flex-direction:column;justify-content:center;}}<\/style>\n<div class=\"wp-block-kadence-column inner-column-1 kadence-column_6b9e2f-04\"><div class=\"kt-inside-inner-col\"><style>.wp-block-kadence-advancedheading.kt-adv-heading_48ac9a-1d, .wp-block-kadence-advancedheading.kt-adv-heading_48ac9a-1d[data-kb-block=\"kb-adv-heading_48ac9a-1d\"]{margin-top:1px;margin-bottom:10px;font-size:20px;line-height:21px;font-style:normal;color:#444;}.wp-block-kadence-advancedheading.kt-adv-heading_48ac9a-1d mark.kt-highlight, .wp-block-kadence-advancedheading.kt-adv-heading_48ac9a-1d[data-kb-block=\"kb-adv-heading_48ac9a-1d\"] mark.kt-highlight{font-style:normal;color:#f76a0c;-webkit-box-decoration-break:clone;box-decoration-break:clone;padding-top:0px;padding-right:0px;padding-bottom:0px;padding-left:0px;}.wp-block-kadence-advancedheading.kt-adv-heading_48ac9a-1d img.kb-inline-image, .wp-block-kadence-advancedheading.kt-adv-heading_48ac9a-1d[data-kb-block=\"kb-adv-heading_48ac9a-1d\"] img.kb-inline-image{width:150px;vertical-align:baseline;}<\/style>\n<h4 class=\"kt-adv-heading_48ac9a-1d wp-block-kadence-advancedheading\" data-kb-block=\"kb-adv-heading_48ac9a-1d\">Resilienz-Training<\/h4>\n\n\n\n<p class=\"has-small-font-size\">Wie Sie Ihre Widerstandskraft st\u00e4rken und Krisen besser \u00fcberwinden<\/p>\n<\/div><\/div>\n\n\n<style>.kadence-column_ffb185-08 > .kt-inside-inner-col{border-top-width:0px;border-right-width:0px;border-bottom-width:0px;border-left-width:0px;}.kadence-column_ffb185-08 > .kt-inside-inner-col,.kadence-column_ffb185-08 > .kt-inside-inner-col:before{border-top-left-radius:0px;border-top-right-radius:0px;border-bottom-right-radius:0px;border-bottom-left-radius:0px;}.kadence-column_ffb185-08 > .kt-inside-inner-col{column-gap:var(--global-kb-gap-sm, 1rem);}.kadence-column_ffb185-08 > .kt-inside-inner-col{flex-direction:column;}.kadence-column_ffb185-08 > .kt-inside-inner-col > .aligncenter{width:100%;}.kadence-column_ffb185-08 > .kt-inside-inner-col:before{opacity:0.3;}.kadence-column_ffb185-08{position:relative;}@media all and (max-width: 1024px){.kadence-column_ffb185-08 > .kt-inside-inner-col{flex-direction:column;justify-content:center;}}@media all and (max-width: 767px){.kadence-column_ffb185-08 > .kt-inside-inner-col{flex-direction:column;justify-content:center;}}<\/style>\n<div class=\"wp-block-kadence-column inner-column-2 kadence-column_ffb185-08\"><div class=\"kt-inside-inner-col\"><style>.wp-block-kadence-advancedheading.kt-adv-heading_c0fa18-6a, .wp-block-kadence-advancedheading.kt-adv-heading_c0fa18-6a[data-kb-block=\"kb-adv-heading_c0fa18-6a\"]{margin-top:1px;margin-bottom:10px;font-size:20px;line-height:21px;font-style:normal;color:#444;}.wp-block-kadence-advancedheading.kt-adv-heading_c0fa18-6a mark.kt-highlight, .wp-block-kadence-advancedheading.kt-adv-heading_c0fa18-6a[data-kb-block=\"kb-adv-heading_c0fa18-6a\"] mark.kt-highlight{font-style:normal;color:#f76a0c;-webkit-box-decoration-break:clone;box-decoration-break:clone;padding-top:0px;padding-right:0px;padding-bottom:0px;padding-left:0px;}.wp-block-kadence-advancedheading.kt-adv-heading_c0fa18-6a img.kb-inline-image, .wp-block-kadence-advancedheading.kt-adv-heading_c0fa18-6a[data-kb-block=\"kb-adv-heading_c0fa18-6a\"] img.kb-inline-image{width:150px;vertical-align:baseline;}<\/style>\n<h4 class=\"kt-adv-heading_c0fa18-6a wp-block-kadence-advancedheading\" data-kb-block=\"kb-adv-heading_c0fa18-6a\">Pr\u00fcfungsvorbereitung<\/h4>\n\n\n\n<p class=\"has-small-font-size\">\u201eHeilpraktiker f\u00fcr Psychotherapie\u201c<\/p>\n<\/div><\/div>\n<\/div><\/div><\/div>\n\n\n<style>#kt-layout-id_aab1fd-06 > .kt-row-column-wrap{align-content:start;}:where(#kt-layout-id_aab1fd-06 > .kt-row-column-wrap) > .wp-block-kadence-column{justify-content:start;}#kt-layout-id_aab1fd-06 > .kt-row-column-wrap{column-gap:var(--global-kb-gap-md, 2rem);row-gap:var(--global-kb-gap-md, 2rem);padding-top:var( --global-kb-row-default-top, 25px );padding-bottom:var( --global-kb-row-default-bottom, 25px );padding-bottom:0px;grid-template-columns:repeat(2, minmax(0, 1fr));}#kt-layout-id_aab1fd-06 > .kt-row-layout-overlay{opacity:0.30;}@media all and (max-width: 1024px){#kt-layout-id_aab1fd-06 > .kt-row-column-wrap{grid-template-columns:repeat(2, minmax(0, 1fr));}}@media all and (max-width: 767px){#kt-layout-id_aab1fd-06 > .kt-row-column-wrap{grid-template-columns:minmax(0, 1fr);}}<\/style>\n<div class=\"wp-block-kadence-rowlayout alignnone\"><div id=\"kt-layout-id_aab1fd-06\" class=\"kt-row-layout-inner kt-layout-id_aab1fd-06\"><div class=\"kt-row-column-wrap kt-has-2-columns kt-gutter-default kt-v-gutter-default kt-row-valign-top kt-row-layout-equal kt-tab-layout-equal kt-m-colapse-left-to-right kt-mobile-layout-row\"><style>.kadence-column_d0f298-17 > .kt-inside-inner-col{border-top-width:0px;border-right-width:0px;border-bottom-width:0px;border-left-width:0px;}.kadence-column_d0f298-17 > .kt-inside-inner-col,.kadence-column_d0f298-17 > .kt-inside-inner-col:before{border-top-left-radius:0px;border-top-right-radius:0px;border-bottom-right-radius:0px;border-bottom-left-radius:0px;}.kadence-column_d0f298-17 > .kt-inside-inner-col{column-gap:var(--global-kb-gap-sm, 1rem);}.kadence-column_d0f298-17 > .kt-inside-inner-col{flex-direction:column;}.kadence-column_d0f298-17 > .kt-inside-inner-col > .aligncenter{width:100%;}.kadence-column_d0f298-17 > .kt-inside-inner-col:before{opacity:0.3;}.kadence-column_d0f298-17{position:relative;}@media all and (max-width: 1024px){.kadence-column_d0f298-17 > .kt-inside-inner-col{flex-direction:column;justify-content:center;}}@media all and (max-width: 767px){.kadence-column_d0f298-17 > .kt-inside-inner-col{flex-direction:column;justify-content:center;}}<\/style>\n<div class=\"wp-block-kadence-column inner-column-1 kadence-column_d0f298-17\"><div class=\"kt-inside-inner-col\"><style>.wp-block-kadence-advancedheading.kt-adv-heading_7e3ad1-57, .wp-block-kadence-advancedheading.kt-adv-heading_7e3ad1-57[data-kb-block=\"kb-adv-heading_7e3ad1-57\"]{margin-top:1px;margin-bottom:10px;font-size:20px;line-height:21px;font-style:normal;color:#444;}.wp-block-kadence-advancedheading.kt-adv-heading_7e3ad1-57 mark.kt-highlight, .wp-block-kadence-advancedheading.kt-adv-heading_7e3ad1-57[data-kb-block=\"kb-adv-heading_7e3ad1-57\"] mark.kt-highlight{font-style:normal;color:#f76a0c;-webkit-box-decoration-break:clone;box-decoration-break:clone;padding-top:0px;padding-right:0px;padding-bottom:0px;padding-left:0px;}.wp-block-kadence-advancedheading.kt-adv-heading_7e3ad1-57 img.kb-inline-image, .wp-block-kadence-advancedheading.kt-adv-heading_7e3ad1-57[data-kb-block=\"kb-adv-heading_7e3ad1-57\"] img.kb-inline-image{width:150px;vertical-align:baseline;}<\/style>\n<h4 class=\"kt-adv-heading_7e3ad1-57 wp-block-kadence-advancedheading\" data-kb-block=\"kb-adv-heading_7e3ad1-57\">Trennungs-Gruppe<\/h4>\n\n\n\n<p class=\"has-small-font-size\">Getrennt, aber doch nicht allein! Austausch mit Gleichgesinnten<\/p>\n<\/div><\/div>\n\n\n<style>.kadence-column_396464-dc > .kt-inside-inner-col{border-top-width:0px;border-right-width:0px;border-bottom-width:0px;border-left-width:0px;}.kadence-column_396464-dc > .kt-inside-inner-col,.kadence-column_396464-dc > .kt-inside-inner-col:before{border-top-left-radius:0px;border-top-right-radius:0px;border-bottom-right-radius:0px;border-bottom-left-radius:0px;}.kadence-column_396464-dc > .kt-inside-inner-col{column-gap:var(--global-kb-gap-sm, 1rem);}.kadence-column_396464-dc > .kt-inside-inner-col{flex-direction:column;}.kadence-column_396464-dc > .kt-inside-inner-col > .aligncenter{width:100%;}.kadence-column_396464-dc > .kt-inside-inner-col:before{opacity:0.3;}.kadence-column_396464-dc{position:relative;}@media all and (max-width: 1024px){.kadence-column_396464-dc > .kt-inside-inner-col{flex-direction:column;justify-content:center;}}@media all and (max-width: 767px){.kadence-column_396464-dc > .kt-inside-inner-col{flex-direction:column;justify-content:center;}}<\/style>\n<div class=\"wp-block-kadence-column inner-column-2 kadence-column_396464-dc\"><div class=\"kt-inside-inner-col\"><\/div><\/div>\n<\/div><\/div><\/div>\n<\/div><\/div>\n\n\n<style>.kadence-column_7f521a-6f > .kt-inside-inner-col{border-top-width:0px;border-right-width:0px;border-bottom-width:0px;border-left-width:0px;}.kadence-column_7f521a-6f > .kt-inside-inner-col,.kadence-column_7f521a-6f > .kt-inside-inner-col:before{border-top-left-radius:0px;border-top-right-radius:0px;border-bottom-right-radius:0px;border-bottom-left-radius:0px;}.kadence-column_7f521a-6f > .kt-inside-inner-col{column-gap:var(--global-kb-gap-sm, 1rem);}.kadence-column_7f521a-6f > .kt-inside-inner-col{flex-direction:column;}.kadence-column_7f521a-6f > .kt-inside-inner-col > .aligncenter{width:100%;}.kadence-column_7f521a-6f > .kt-inside-inner-col:before{opacity:0.3;}.kadence-column_7f521a-6f{position:relative;}@media all and (max-width: 1024px){.kadence-column_7f521a-6f > .kt-inside-inner-col{flex-direction:column;justify-content:center;}}@media all and (max-width: 767px){.kadence-column_7f521a-6f > .kt-inside-inner-col{flex-direction:column;justify-content:center;}}<\/style>\n<div class=\"wp-block-kadence-column inner-column-2 kadence-column_7f521a-6f\"><div class=\"kt-inside-inner-col\">\n<figure class=\"wp-block-image size-full is-style-rounded\"><img loading=\"lazy\" decoding=\"async\" width=\"600\" height=\"400\" src=\"https:\/\/www.xn--praxis-tinawei-egb.de\/wp-content\/uploads\/2022\/03\/tina_weiss9.jpg\" alt=\"Tina Weiss9\" class=\"wp-image-1581\" title=\"Workshops\" srcset=\"https:\/\/www.xn--praxis-tinawei-egb.de\/wp-content\/uploads\/2022\/03\/tina_weiss9.jpg 600w, https:\/\/www.xn--praxis-tinawei-egb.de\/wp-content\/uploads\/2022\/03\/tina_weiss9-300x200.jpg 300w\" sizes=\"auto, (max-width: 600px) 100vw, 600px\" \/><\/figure>\n<\/div><\/div>\n<\/div><\/div><\/div>\n\n\n\n<div class=\"wp-block-group\"><div class=\"wp-block-group__inner-container is-layout-flow wp-block-group-is-layout-flow\"><\/div><\/div>\n\n\n<style>#kt-layout-id_4ab095-24 > .kt-row-column-wrap{align-content:start;}:where(#kt-layout-id_4ab095-24 > .kt-row-column-wrap) > .wp-block-kadence-column{justify-content:start;}#kt-layout-id_4ab095-24 > .kt-row-column-wrap{column-gap:var(--global-kb-gap-md, 2rem);row-gap:var(--global-kb-gap-md, 2rem);padding-top:var( --global-kb-row-default-top, 25px );padding-bottom:var( --global-kb-row-default-bottom, 25px );padding-top:var(--global-kb-spacing-sm, 1.5rem);padding-bottom:var(--global-kb-spacing-sm, 1.5rem);grid-template-columns:minmax(0, 1fr);}#kt-layout-id_4ab095-24 > .kt-row-layout-overlay{opacity:0.30;}@media all and (max-width: 1024px){#kt-layout-id_4ab095-24 > .kt-row-column-wrap{grid-template-columns:minmax(0, 1fr);}}@media all and (max-width: 767px){#kt-layout-id_4ab095-24 > .kt-row-column-wrap{grid-template-columns:minmax(0, 1fr);}}<\/style>\n<div class=\"wp-block-kadence-rowlayout alignnone\"><div id=\"kt-layout-id_4ab095-24\" class=\"kt-row-layout-inner kt-layout-id_4ab095-24\"><div class=\"kt-row-column-wrap kt-has-1-columns kt-gutter-default kt-v-gutter-default kt-row-valign-top kt-row-layout-equal kt-tab-layout-inherit kt-m-colapse-left-to-right kt-mobile-layout-row\"><style>.kadence-column_228a83-0e > .kt-inside-inner-col{border-top-width:0px;border-right-width:0px;border-bottom-width:0px;border-left-width:0px;}.kadence-column_228a83-0e > .kt-inside-inner-col,.kadence-column_228a83-0e > .kt-inside-inner-col:before{border-top-left-radius:0px;border-top-right-radius:0px;border-bottom-right-radius:0px;border-bottom-left-radius:0px;}.kadence-column_228a83-0e > .kt-inside-inner-col{column-gap:var(--global-kb-gap-sm, 1rem);}.kadence-column_228a83-0e > .kt-inside-inner-col{flex-direction:column;}.kadence-column_228a83-0e > .kt-inside-inner-col > .aligncenter{width:100%;}.kadence-column_228a83-0e > .kt-inside-inner-col:before{opacity:0.3;}.kadence-column_228a83-0e{position:relative;}@media all and (max-width: 1024px){.kadence-column_228a83-0e > .kt-inside-inner-col{flex-direction:column;justify-content:center;}}@media all and (max-width: 767px){.kadence-column_228a83-0e > .kt-inside-inner-col{flex-direction:column;justify-content:center;}}<\/style>\n<div class=\"wp-block-kadence-column inner-column-1 kadence-column_228a83-0e\"><div class=\"kt-inside-inner-col\"><\/div><\/div>\n<\/div><\/div><\/div>\n\n\n\n<div class=\"wp-block-cover alignfull has-parallax\" style=\"background-image:url(https:\/\/www.xn--praxis-tinawei-egb.de\/wp-content\/uploads\/2022\/03\/tina_weiss10.jpg)\"><span aria-hidden=\"true\" class=\"has-background-dim-60 wp-block-cover__gradient-background has-background-dim has-background-gradient\" style=\"background:radial-gradient(rgb(255,193,180) 2%,rgb(64,54,29) 100%)\"><\/span><div class=\"wp-block-cover__inner-container is-layout-flow wp-block-cover-is-layout-flow\">\n<p class=\"has-large-font-size\"><\/p>\n<\/div><\/div>\n\n\n\n<p><\/p>\n","protected":false},"excerpt":{"rendered":"<p>workshops in Vorbereitung &#8230; Resilienz-Training Wie Sie Ihre Widerstandskraft st\u00e4rken und Krisen besser \u00fcberwinden Pr\u00fcfungsvorbereitung \u201eHeilpraktiker f\u00fcr Psychotherapie\u201c Trennungs-Gruppe Getrennt, aber doch nicht allein! Austausch mit Gleichgesinnten<\/p>\n","protected":false},"author":1,"featured_media":1482,"parent":0,"menu_order":0,"comment_status":"closed","ping_status":"closed","template":"","meta":{"_kad_post_transparent":"","_kad_post_title":"","_kad_post_layout":"default","_kad_post_sidebar_id":"","_kad_post_content_style":"unboxed","_kad_post_vertical_padding":"","_kad_post_feature":"","_kad_post_feature_position":"","_kad_post_header":false,"_kad_post_footer":false,"_kad_post_classname":"","footnotes":""},"class_list":["post-1578","page","type-page","status-publish","has-post-thumbnail","hentry"],"_links":{"self":[{"href":"https:\/\/www.xn--praxis-tinawei-egb.de\/index.php\/wp-json\/wp\/v2\/pages\/1578","targetHints":{"allow":["GET"]}}],"collection":[{"href":"https:\/\/www.xn--praxis-tinawei-egb.de\/index.php\/wp-json\/wp\/v2\/pages"}],"about":[{"href":"https:\/\/www.xn--praxis-tinawei-egb.de\/index.php\/wp-json\/wp\/v2\/types\/page"}],"author":[{"embeddable":true,"href":"https:\/\/www.xn--praxis-tinawei-egb.de\/index.php\/wp-json\/wp\/v2\/users\/1"}],"replies":[{"embeddable":true,"href":"https:\/\/www.xn--praxis-tinawei-egb.de\/index.php\/wp-json\/wp\/v2\/comments?post=1578"}],"version-history":[{"count":0,"href":"https:\/\/www.xn--praxis-tinawei-egb.de\/index.php\/wp-json\/wp\/v2\/pages\/1578\/revisions"}],"wp:featuredmedia":[{"embeddable":true,"href":"https:\/\/www.xn--praxis-tinawei-egb.de\/index.php\/wp-json\/wp\/v2\/media\/1482"}],"wp:attachment":[{"href":"https:\/\/www.xn--praxis-tinawei-egb.de\/index.php\/wp-json\/wp\/v2\/media?parent=1578"}],"curies":[{"name":"wp","href":"https:\/\/api.w.org\/{rel}","templated":true}]}}