{"id":954,"date":"2021-03-22T12:07:18","date_gmt":"2021-03-22T12:07:18","guid":{"rendered":"https:\/\/stage.startertemplatecloud.com\/g08\/?page_id=954"},"modified":"2022-03-24T14:36:47","modified_gmt":"2022-03-24T14:36:47","slug":"kontakt","status":"publish","type":"page","link":"https:\/\/www.xn--praxis-tinawei-egb.de\/index.php\/kontakt\/","title":{"rendered":"Kontakt"},"content":{"rendered":"<style>#kt-layout-id_722c75-1e > .kt-row-column-wrap{align-content:center;}:where(#kt-layout-id_722c75-1e > .kt-row-column-wrap) > .wp-block-kadence-column{justify-content:center;}#kt-layout-id_722c75-1e > .kt-row-column-wrap{column-gap:var(--global-kb-gap-none, 0rem );row-gap:var(--global-kb-gap-none, 0rem );max-width:1140px;margin-left:auto;margin-right:auto;padding-top:var( --global-kb-row-default-top, 25px );padding-bottom:var( --global-kb-row-default-bottom, 25px );padding-top:0px;padding-bottom:70px;padding-left:0px;padding-right:0px;grid-template-columns:minmax(0, 1fr);}#kt-layout-id_722c75-1e > .kt-row-layout-overlay{opacity:0.30;}@media all and (max-width: 1024px){#kt-layout-id_722c75-1e{margin-top:0px;margin-bottom:4px;}}@media all and (max-width: 1024px){#kt-layout-id_722c75-1e > .kt-row-column-wrap{padding-top:60px;padding-right:40px;padding-bottom:0px;padding-left:40px;grid-template-columns:minmax(0, 1fr);}}@media all and (max-width: 767px){#kt-layout-id_722c75-1e > .kt-row-column-wrap{padding-top:60px;padding-bottom:0px;padding-left:0px;padding-right:0px;grid-template-columns:minmax(0, 1fr);}}<\/style>\n<div class=\"wp-block-kadence-rowlayout alignnone\"><div id=\"kt-layout-id_722c75-1e\" class=\"kt-row-layout-inner kt-layout-id_722c75-1e\"><div class=\"kt-row-column-wrap kt-has-1-columns kt-gutter-none kt-v-gutter-none kt-row-valign-middle kt-row-layout-equal kt-tab-layout-inherit kt-m-colapse-left-to-right kt-mobile-layout-row\"><style>.kadence-column_d9c38b-80 > .kt-inside-inner-col{border-top-width:0px;border-right-width:0px;border-bottom-width:0px;border-left-width:0px;}.kadence-column_d9c38b-80 > .kt-inside-inner-col,.kadence-column_d9c38b-80 > .kt-inside-inner-col:before{border-top-left-radius:0px;border-top-right-radius:0px;border-bottom-right-radius:0px;border-bottom-left-radius:0px;}.kadence-column_d9c38b-80 > .kt-inside-inner-col{column-gap:var(--global-kb-gap-sm, 1rem);}.kadence-column_d9c38b-80 > .kt-inside-inner-col{flex-direction:column;}.kadence-column_d9c38b-80 > .kt-inside-inner-col > .aligncenter{width:100%;}.kadence-column_d9c38b-80 > .kt-inside-inner-col:before{opacity:0.3;}.kadence-column_d9c38b-80{position:relative;}@media all and (max-width: 1024px){.kadence-column_d9c38b-80 > .kt-inside-inner-col{flex-direction:column;justify-content:center;}}@media all and (max-width: 767px){.kadence-column_d9c38b-80 > .kt-inside-inner-col{flex-direction:column;justify-content:center;}}<\/style>\n<div class=\"wp-block-kadence-column inner-column-1 kadence-column_d9c38b-80\"><div class=\"kt-inside-inner-col\"><style>#kt-layout-id_97d678-e3{margin-top:110px;margin-bottom:0px;}#kt-layout-id_97d678-e3 > .kt-row-column-wrap{align-content:start;}:where(#kt-layout-id_97d678-e3 > .kt-row-column-wrap) > .wp-block-kadence-column{justify-content:start;}#kt-layout-id_97d678-e3 > .kt-row-column-wrap{column-gap:var(--global-kb-gap-none, 0rem );row-gap:var(--global-kb-gap-none, 0rem );max-width:1140px;margin-left:auto;margin-right:auto;padding-top:var( --global-kb-row-default-top, 25px );padding-bottom:var( --global-kb-row-default-bottom, 25px );padding-top:0px;padding-bottom:0px;padding-left:0px;padding-right:0px;grid-template-columns:repeat(2, minmax(0, 1fr));}#kt-layout-id_97d678-e3 > .kt-row-layout-overlay{opacity:0.30;}@media all and (max-width: 1024px){#kt-layout-id_97d678-e3{margin-top:70px;margin-bottom:0px;}}@media all and (max-width: 1024px){#kt-layout-id_97d678-e3 > .kt-row-column-wrap{grid-template-columns:minmax(0, 1fr);}}@media all and (max-width: 767px){#kt-layout-id_97d678-e3 > .kt-row-column-wrap{padding-top:0px;padding-bottom:0px;padding-left:15px;padding-right:15px;grid-template-columns:minmax(0, 1fr);}}<\/style>\n<div class=\"wp-block-kadence-rowlayout alignnone\"><div id=\"kt-layout-id_97d678-e3\" class=\"kt-row-layout-inner kt-layout-id_97d678-e3\"><div class=\"kt-row-column-wrap kt-has-2-columns kt-gutter-none kt-v-gutter-none kt-row-valign-top kt-row-layout-equal kt-tab-layout-row kt-m-colapse-left-to-right kt-mobile-layout-row\"><style>.kadence-column_c79fe6-b9 > .kt-inside-inner-col{padding-top:10px;padding-bottom:10px;padding-left:10px;padding-right:10px;}.kadence-column_c79fe6-b9 > .kt-inside-inner-col{border-top-width:0px;border-right-width:0px;border-bottom-width:0px;border-left-width:0px;}.kadence-column_c79fe6-b9 > .kt-inside-inner-col,.kadence-column_c79fe6-b9 > .kt-inside-inner-col:before{border-top-left-radius:0px;border-top-right-radius:0px;border-bottom-right-radius:0px;border-bottom-left-radius:0px;}.kadence-column_c79fe6-b9 > .kt-inside-inner-col{column-gap:var(--global-kb-gap-sm, 1rem);}.kadence-column_c79fe6-b9 > .kt-inside-inner-col{flex-direction:column;}.kadence-column_c79fe6-b9 > .kt-inside-inner-col > .aligncenter{width:100%;}.kadence-column_c79fe6-b9 > .kt-inside-inner-col:before{opacity:0.3;}.kadence-column_c79fe6-b9{position:relative;}.wp-block-kadence-column.kadence-column_c79fe6-b9 > .kt-inside-inner-col{margin-top:0px;margin-bottom:0px;margin-right:60px;margin-left:0px;}@media all and (max-width: 1024px){.kadence-column_c79fe6-b9 > .kt-inside-inner-col{flex-direction:column;justify-content:center;}}@media all and (max-width: 1024px){.wp-block-kadence-column.kadence-column_c79fe6-b9 > .kt-inside-inner-col{margin-top:0px;margin-bottom:0px;margin-right:0px;margin-left:0px;}}@media all and (max-width: 767px){.kadence-column_c79fe6-b9 > .kt-inside-inner-col{flex-direction:column;justify-content:center;}}<\/style>\n<div class=\"wp-block-kadence-column inner-column-1 kadence-column_c79fe6-b9\"><div class=\"kt-inside-inner-col\"><style>.wp-block-kadence-advancedheading.kt-adv-heading_61ece0-2c, .wp-block-kadence-advancedheading.kt-adv-heading_61ece0-2c[data-kb-block=\"kb-adv-heading_61ece0-2c\"]{margin-bottom:28px;font-style:normal;}.wp-block-kadence-advancedheading.kt-adv-heading_61ece0-2c mark.kt-highlight, .wp-block-kadence-advancedheading.kt-adv-heading_61ece0-2c[data-kb-block=\"kb-adv-heading_61ece0-2c\"] mark.kt-highlight{font-style:normal;color:#f76a0c;-webkit-box-decoration-break:clone;box-decoration-break:clone;padding-top:0px;padding-right:0px;padding-bottom:0px;padding-left:0px;}.wp-block-kadence-advancedheading.kt-adv-heading_61ece0-2c img.kb-inline-image, .wp-block-kadence-advancedheading.kt-adv-heading_61ece0-2c[data-kb-block=\"kb-adv-heading_61ece0-2c\"] img.kb-inline-image{width:150px;vertical-align:baseline;}@media all and (max-width: 1024px){.wp-block-kadence-advancedheading.kt-adv-heading_61ece0-2c, .wp-block-kadence-advancedheading.kt-adv-heading_61ece0-2c[data-kb-block=\"kb-adv-heading_61ece0-2c\"]{text-align:center!important;}}<\/style>\n<h6 class=\"kt-adv-heading_61ece0-2c wp-block-kadence-advancedheading has-theme-palette-1-color has-text-color\" data-kb-block=\"kb-adv-heading_61ece0-2c\">Get in touch<\/h6>\n\n\n<style>.wp-block-kadence-advancedheading.kt-adv-heading_e68984-37, .wp-block-kadence-advancedheading.kt-adv-heading_e68984-37[data-kb-block=\"kb-adv-heading_e68984-37\"]{margin-bottom:35px;line-height:1.3em;font-style:normal;}.wp-block-kadence-advancedheading.kt-adv-heading_e68984-37 mark.kt-highlight, .wp-block-kadence-advancedheading.kt-adv-heading_e68984-37[data-kb-block=\"kb-adv-heading_e68984-37\"] mark.kt-highlight{font-style:normal;color:#f76a0c;-webkit-box-decoration-break:clone;box-decoration-break:clone;padding-top:0px;padding-right:0px;padding-bottom:0px;padding-left:0px;}.wp-block-kadence-advancedheading.kt-adv-heading_e68984-37 img.kb-inline-image, .wp-block-kadence-advancedheading.kt-adv-heading_e68984-37[data-kb-block=\"kb-adv-heading_e68984-37\"] img.kb-inline-image{width:150px;vertical-align:baseline;}@media all and (max-width: 1024px){.wp-block-kadence-advancedheading.kt-adv-heading_e68984-37, .wp-block-kadence-advancedheading.kt-adv-heading_e68984-37[data-kb-block=\"kb-adv-heading_e68984-37\"]{text-align:center!important;}}<\/style>\n<h2 class=\"kt-adv-heading_e68984-37 wp-block-kadence-advancedheading\" data-kb-block=\"kb-adv-heading_e68984-37\">Kontakt<\/h2>\n\n\n\n<p>Tina Wei\u00df<br>Heilpraktikerin f\u00fcr Psychotherapie<br>Systemische Beraterin<\/p>\n\n\n\n<p>Grabenstra\u00dfe 54 (1.OG)<br>65549 Limburg<\/p>\n\n\n\n<p>Tel. 0170\/ 3147435<br>eMail. info@praxis-tinawei\u00df.de<\/p>\n<\/div><\/div>\n\n\n<style>.kadence-column_bab9f4-13 > .kt-inside-inner-col{padding-top:20px;padding-bottom:20px;padding-left:20px;padding-right:20px;}.kadence-column_bab9f4-13 > .kt-inside-inner-col{border-top-width:0px;border-right-width:0px;border-bottom-width:0px;border-left-width:0px;}.kadence-column_bab9f4-13 > .kt-inside-inner-col,.kadence-column_bab9f4-13 > .kt-inside-inner-col:before{border-top-left-radius:0px;border-top-right-radius:0px;border-bottom-right-radius:0px;border-bottom-left-radius:0px;}.kadence-column_bab9f4-13 > .kt-inside-inner-col{column-gap:var(--global-kb-gap-sm, 1rem);}.kadence-column_bab9f4-13 > .kt-inside-inner-col{flex-direction:column;}.kadence-column_bab9f4-13 > .kt-inside-inner-col > .aligncenter{width:100%;}.kadence-column_bab9f4-13 > .kt-inside-inner-col{background-color:#ffffff;}.kadence-column_bab9f4-13 > .kt-inside-inner-col:before{opacity:0.3;}.kadence-column_bab9f4-13{position:relative;}@media all and (max-width: 1024px){.kadence-column_bab9f4-13 > .kt-inside-inner-col{flex-direction:column;justify-content:center;}}@media all and (max-width: 767px){.kadence-column_bab9f4-13 > .kt-inside-inner-col{flex-direction:column;justify-content:center;}}<\/style>\n<div class=\"wp-block-kadence-column inner-column-2 kadence-column_bab9f4-13 kadence-column_767c64-6b\"><div class=\"kt-inside-inner-col\">\n<figure class=\"wp-block-image size-full is-style-rounded\"><img loading=\"lazy\" decoding=\"async\" width=\"600\" height=\"399\" src=\"https:\/\/www.xn--praxis-tinawei-egb.de\/wp-content\/uploads\/2022\/03\/tina_weiss18.jpg\" alt=\"Tina Weiss18\" class=\"wp-image-1776\" title=\"Kontakt\" srcset=\"https:\/\/www.xn--praxis-tinawei-egb.de\/wp-content\/uploads\/2022\/03\/tina_weiss18.jpg 600w, https:\/\/www.xn--praxis-tinawei-egb.de\/wp-content\/uploads\/2022\/03\/tina_weiss18-300x200.jpg 300w\" sizes=\"auto, (max-width: 600px) 100vw, 600px\" \/><\/figure>\n<\/div><\/div>\n<\/div><\/div><\/div>\n<\/div><\/div>\n<\/div><\/div><\/div>\n\n\n\n<iframe loading=\"lazy\" src=\"https:\/\/www.google.com\/maps\/embed?pb=!1m23!1m12!1m3!1d10175.618519795245!2d8.055820685977094!3d50.38697636952641!2m3!1f0!2f0!3f0!3m2!1i1024!2i768!4f13.1!4m8!3e6!4m0!4m5!1s0x47bdccd8f7ef8dbb%3A0x6f8642849dde5ce0!2sGrabenstra%C3%9Fe%2054%2C%2065549%20Limburg%20an%20der%20Lahn!3m2!1d50.3869269!2d8.0645758!5e0!3m2!1sde!2sde!4v1647431688618!5m2!1sde!2sde\" width=\"2000\" height=\"500\" frameborder=\"0\" style=\"border:0;\" allowfullscreen=\"\" aria-hidden=\"false\" tabindex=\"0\"><\/iframe>\n\n\n\n<p><\/p>\n","protected":false},"excerpt":{"rendered":"<p>Get in touch Kontakt Tina Wei\u00dfHeilpraktikerin f\u00fcr PsychotherapieSystemische Beraterin Grabenstra\u00dfe 54 (1.OG)65549 Limburg Tel. 0170\/ 3147435eMail. info@praxis-tinawei\u00df.de<\/p>\n","protected":false},"author":1,"featured_media":1433,"parent":0,"menu_order":0,"comment_status":"closed","ping_status":"closed","template":"","meta":{"_kad_post_transparent":"","_kad_post_title":"","_kad_post_layout":"fullwidth","_kad_post_sidebar_id":"","_kad_post_content_style":"unboxed","_kad_post_vertical_padding":"hide","_kad_post_feature":"hide","_kad_post_feature_position":"","_kad_post_header":false,"_kad_post_footer":false,"_kad_post_classname":"","footnotes":""},"class_list":["post-954","page","type-page","status-publish","has-post-thumbnail","hentry"],"_links":{"self":[{"href":"https:\/\/www.xn--praxis-tinawei-egb.de\/index.php\/wp-json\/wp\/v2\/pages\/954","targetHints":{"allow":["GET"]}}],"collection":[{"href":"https:\/\/www.xn--praxis-tinawei-egb.de\/index.php\/wp-json\/wp\/v2\/pages"}],"about":[{"href":"https:\/\/www.xn--praxis-tinawei-egb.de\/index.php\/wp-json\/wp\/v2\/types\/page"}],"author":[{"embeddable":true,"href":"https:\/\/www.xn--praxis-tinawei-egb.de\/index.php\/wp-json\/wp\/v2\/users\/1"}],"replies":[{"embeddable":true,"href":"https:\/\/www.xn--praxis-tinawei-egb.de\/index.php\/wp-json\/wp\/v2\/comments?post=954"}],"version-history":[{"count":0,"href":"https:\/\/www.xn--praxis-tinawei-egb.de\/index.php\/wp-json\/wp\/v2\/pages\/954\/revisions"}],"wp:featuredmedia":[{"embeddable":true,"href":"https:\/\/www.xn--praxis-tinawei-egb.de\/index.php\/wp-json\/wp\/v2\/media\/1433"}],"wp:attachment":[{"href":"https:\/\/www.xn--praxis-tinawei-egb.de\/index.php\/wp-json\/wp\/v2\/media?parent=954"}],"curies":[{"name":"wp","href":"https:\/\/api.w.org\/{rel}","templated":true}]}}